9
Suppose 2*n + n + 48 = 0. Let u be ((-20)/n)/(1/4). Let c(g) = g**3 - 6*g**2 + 5*g + 5. List the prime factors of c(u).
5
Let f(o) = -1 - 6*o + 4*o + 0. What are the prime factors of f(-6)?
11
Let r = -21 + 24. Suppose -r*m + 210 = 2*m. List the prime factors of m.
2, 3, 7
Suppose 5*w = -g + 15, 13 - 4 = -3*w. List the prime factors of g.
2, 3, 5
Let t = -6 - -11. Suppose -4*n + 36 = 4*w, -4*w + 40 = 4*n + w. Suppose 4*y - n*g - 26 = 0, -t*y = -5*g - 15 - 20. List the prime factors of y.
3
Let r(p) = 4*p. Suppose -8*n + 35 = -3*n. What are the prime factors of r(n)?
2, 7
Suppose 4*p - 11 - 29 = 0. List the prime factors of p.
2, 5
Let a(c) = -2*c + 9. Let k be a(10). Let w = -15 - k. What are the prime factors of 2/(-8) + (-53)/w?
13
Let p be (-1)/1 + (5 - 2). Let u(m) = -7*m**2 + 5*m - 7. Let w(x) = -3*x**2 + 2*x - 3. Let i(a) = p*u(a) - 5*w(a). What are the prime factors of i(1)?
2
Let g(l) = -13*l - 5. What are the prime factors of g(-4)?
47
Suppose -6 = -3*g - 0*g. Suppose g*l - 70 = -q, -l + q = l - 74. List the prime factors of l.
2, 3
Suppose -8*v - 288 = -12*v. List the prime factors of v.
2, 3
Suppose 2*d = 5*s + 17, s = 5*d - 0*s - 8. Let x be d/(((-6)/(-9))/2). Suppose h - 16 = -x*h. List the prime factors of h.
2
Let f(p) = -p + 3. Let s(m) = m**3 - 5*m**2 + 4*m - 2. Let l be s(3). What are the prime factors of f(l)?
11
Suppose a - 4*r = 48, 2*r + 173 = 5*a - 85. What are the prime factors of a?
2, 13
Let g be 2 - ((-36)/(-2))/(-2). Let c = g - -1. What are the prime factors of c?
2, 3
Let j(t) = -t**3 - 4*t**2 - t. Let w be j(-4). Suppose -1 + 6 = z - 3*y, -w*z + 3*y - 25 = 0. Let d = z - -16. List the prime factors of d.
2, 3
Suppose 0 = 4*z - z + 4*q - 20, -4*q + 20 = z. Suppose 2*s - 8 - 26 = z. What are the prime factors of s?
17
Suppose 5*l + 25 = 0, 4*w - 2*l = 2*l - 40. List the prime factors of (-2)/(-3 + w/(-6)).
2
Let b(q) = q**3 + 6*q**2 - 8*q + 4. Suppose -6 = 2*f - 0. Let o(l) = l**2 + 6*l + 2. Let p be o(f). What are the prime factors of b(p)?
11
Let d(t) = -t + 2. Let f(b) be the second derivative of -b**4/12 + b**3/6 - 3*b**2/2 + 4*b. Let m be f(3). List the prime factors of d(m).
11
Let u = 12 - 38. Let k be (-1)/4 + u/(-8). Suppose -k*o - 2*o = -50. List the prime factors of o.
2, 5
Let l(f) be the second derivative of -f**5/20 + 2*f**4/3 + f**3/6 + f**2 + 2*f. What are the prime factors of l(8)?
2, 5
Suppose 88 = -3*u - u. Let c = 34 + u. What are the prime factors of c?
2, 3
Let u(a) = -3*a**3 + 13*a**2 + 19*a + 8. Let y(g) = 4*g**3 - 19*g**2 - 28*g - 12. Let o(d) = 7*u(d) + 5*y(d). What are the prime factors of o(-4)?
2, 3
Suppose 0 = 5*i + 9 - 29. List the prime factors of i.
2
Let y be (-2)/4 + 23/2. Suppose q - 4*k = -8, k + y = 5*q - 6. Suppose -h + 20 = q*h. What are the prime factors of h?
2
Suppose 0 = -d - d + 74. List the prime factors of d.
37
Let m(q) = 3*q - 7. What are the prime factors of m(14)?
5, 7
Let z = -38 - -61. List the prime factors of z.
23
Suppose 3*z - 31 = -7. Let h(u) = u**3 - 7*u**2 - 6*u - 4. What are the prime factors of h(z)?
2, 3
Suppose 0*r = 5*t + 3*r - 99, 53 = 3*t + 5*r. Suppose -9 = q - 3*s, -4*q - 22 = -0*q + 2*s. What are the prime factors of 37/7 + q/t?
5
Let q = 9 - 9. Suppose -3*a = -b - 22 - 4, -a + b + 6 = q. List the prime factors of a.
2, 5
Suppose -a = -0*a - 111. List the prime factors of a.
3, 37
Suppose -2*p = -4*a - 336, 0 = -0*p + 2*p + 4*a - 352. List the prime factors of p.
2, 43
Let n(f) = f**3 + 4*f**2 - 2*f - 4. Let r be n(-4). Suppose 0 = -2*y + i + 20, -3*y - r*i + 2*i = -23. What are the prime factors of y?
3
Let y = 253 - 147. List the prime factors of y.
2, 53
List the prime factors of 2 - 24/(-30)*(-5)/(-1).
2, 3
Let t = 96 + -66. List the prime factors of t.
2, 3, 5
Suppose -7*c + 2*c + 20 = 0. Let r be (-4)/6 + 2/3. Suppose r = u - c. List the prime factors of u.
2
Suppose 6*n = 11*n - 20. Suppose n*k = k + 39. What are the prime factors of k?
13
Let i(r) = -r**2 + 9*r - 3. Let j(s) = 2*s**2 + 3*s - 1. Let g be j(-3). Let v be i(g). What are the prime factors of (-66)/(-10) + 2/v?
7
List the prime factors of -243*(-3 - -4)/(-1).
3
Let m be -2 - (0 - -2)/2. What are the prime factors of ((-3)/(-4))/(m/(-48))?
2, 3
Let o(j) = j**2 - 8*j. Let l(u) = 2*u**2 - 7*u - 1. Let b(n) = -2*l(n) + 3*o(n). What are the prime factors of b(-9)?
11
Let a = 10 + -9. Let o be -1 + a + 17 - 1. Let u = o - 3. What are the prime factors of u?
13
Let r = -8 + 7. What are the prime factors of 13 - r*(-6)/(-2)?
2
Suppose -6*h + 25 = -h. Suppose -h*r = -8 - 2. What are the prime factors of -1*1 + 24/r?
11
Suppose -2*i - l = -13, i + 2*l = -i + 14. What are the prime factors of i?
2, 3
Let s(d) = -d - 4. Let o be s(5). Suppose 8*m - 6*m - 40 = 0. Let l = m + o. What are the prime factors of l?
11
Let l(x) = -5*x - x + 10 + 5*x. Let i be l(8). Suppose -4*w = -d - 0*d + 14, -5*d + 34 = -i*w. What are the prime factors of d?
2, 3
Let s be ((-32)/6)/((-2)/9). Suppose -7*m + 4*b = -2*m + 10, 2*m = 4*b - 16. Suppose s + 0 = m*p. List the prime factors of p.
2, 3
Let j(c) = 16*c**2 - 2*c - 2. Let w be j(2). Let u = w + -34. What are the prime factors of u?
2, 3
Suppose 0 = -3*g + 2*f + 5, 0*f = 2*f - 10. Suppose v - 83 = -3*v + 3*o, 85 = 4*v - g*o. List the prime factors of v.
2, 5
Suppose 4*t - 31 = -3*k + 2*k, -4*k + 3*t + 105 = 0. What are the prime factors of k?
3
Suppose s = -2*b + 7*b - 16, -2*b = 5*s - 28. Suppose b = -c + 11. List the prime factors of c.
7
Suppose -3*p = 2*p + 220. Let q = p - -64. What are the prime factors of q?
2, 5
Let l be (-104)/(-28) + 6/21. Suppose 4*d = -6*c + 2*c - l, 0 = -2*c + 5*d + 33. Suppose -4*f + c = -48. What are the prime factors of f?
13
Suppose 3*g + 10 + 5 = 0, -5*s + 45 = g. Suppose -2*a + 7*a = -5*j + 20, -s = 5*a. List the prime factors of j.
2, 3
Let l(q) = -4*q + 28. List the prime factors of l(-10).
2, 17
Let j = 439 - 248. What are the prime factors of j?
191
List the prime factors of 192/6 + 1/1.
3, 11
Suppose 2*u = -4*x + 12 - 0, 0 = -2*x + 4*u - 4. Suppose -x*r = -9 + 21. List the prime factors of (r/(-4))/((-9)/(-24)).
2
Let t = 1 + 24. What are the prime factors of t?
5
Let y = -41 - -25. Let b = y + 26. What are the prime factors of b?
2, 5
Let h be (2/(-6))/((-5)/45). Let j(y) = -y - 5 - h + 0 + 2. List the prime factors of j(-10).
2
Suppose 0 = 7*q - 2*q - 3*l - 70, 2*q + 4*l - 54 = 0. Suppose 8 = 5*b - q. Suppose -7 = -x + b. What are the prime factors of x?
2, 3
Suppose -5*l = 74 - 219. List the prime factors of l.
29
Let g(c) = 2*c**2 + 2*c - 2. Let j be g(-2). What are the prime factors of (0 - j)/1 + 11?
3
Let u be (-3 - 0) + 5/1. Suppose -f + 31 = -2*c + 4*c, -4*c + u*f = -82. What are the prime factors of c?
2, 3
Let w(f) = f - 7. Let a be w(7). Suppose -5*k + 6 + 12 = 2*r, a = -4*r - k. What are the prime factors of (r/(-2))/((-1)/(-10))?
5
List the prime factors of (-51)/(-3) - 0 - -4.
3, 7
Suppose -51 + 231 = 3*l. What are the prime factors of (2/(-6))/((-4)/l)?
5
Suppose -3*a + 44 + 52 = 0. List the prime factors of a.
2
Let g(x) = -x**2 + 4*x - 4. Let u be g(3). Let m = u + 6. Let v(b) = -b**2 + 6*b + 2. List the prime factors of v(m).
7
Suppose -27 = 3*q - 0*q. Let r = -1 - q. What are the prime factors of r?
2
Let g = 190 + -45. List the prime factors of g.
5, 29
Let g be 102/14 + (-6)/21. Let d be (-1)/(-2)*0 + g. Suppose 8 = 5*q - d. What are the prime factors of q?
3
Let i(f) = f**2 - f. Let m be i(2). Suppose -5*v = -4*w - 0*w - 44, m*v + 4*w - 40 = 0. What are the prime factors of v?
2, 3
Let j = -41 + 110. List the prime factors of j.
3, 23
Let y = -32 - -47. List the prime factors of y.
3, 5
Suppose -c - 154 = -3*c. Suppose 2*u - c = -33. List the prime factors of u.
2, 11
Let s = 46 + -38. List the prime factors of s.
2
Let l(p) = 7*p**2 - 3*p - 2. Let o(n) = -n**2 + n + 1. Let u(k) = l(k) + 3*o(k). What are the prime factors of u(-2)?
17
Let j(u) = -3*u + 3. Let t be 261/(-81) + (-4)/(-18). List the prime factors of j(t).
2, 3
Suppose -o - 14 = -3*o. Let f(j) = -j**3 + 2*j**2 + 2*j + 4. Let b be f(3). Let h = b + o. List the prime factors of h.
2
Let q = 9 + -21. Let p = q + 29. What are the prime factors of p?
17
Let l(h) = -3*h - 4. Let o be l(-3). Let w = 7 - o. Suppose w*n + 16 = q, -